alculate u(3).
-14
Let j(b) = b**3 - 39*b**2 + 12*b - 8. Determine j(0).
-8
Let i(b) = 75*b - 739. Calculate i(10).
11
Let j(a) = -8325*a - 24994. Determine j(-3).
-19
Let j(k) = -k**2 + 12*k + 646. Determine j(31).
57
Let o(h) = 60*h**2 - 167*h + 166. Determine o(1).
59
Let r(u) = -2*u**3 - 6*u**2 - 3*u - 36. Calculate r(-4).
8
Let k(i) = -1020*i - 8157. Determine k(-8).
3
Let y(s) = -39*s + 1108. What is y(31)?
-101
Let u(f) = -3113*f - 40474. Give u(-13).
-5
Let b(q) = q**3 + 20*q**2 - q - 20. Give b(-20).
0
Let x(c) = -3*c**2 - 94*c - 479. What is x(-25)?
-4
Let a(n) = 57*n - 293. What is a(5)?
-8
Let i(k) = -4*k**3 + 75*k**2 - 27*k + 42. Determine i(19).
-832
Let z(h) = h**3 + 26*h**2 - 171*h + 683. Determine z(-32).
11
Let t(h) = -3*h**3 - 315*h**2 - 290*h + 2288. Determine t(-104).
0
Let n(z) = -z**3 - 57*z**2 - 699*z + 57. Give n(-18).
3
Let g(w) = -2*w**3 - 31*w**2 - 22*w - 125. What is g(-15)?
-20
Let h(b) = -166*b - 5327. Determine h(-32).
-15
Let i(h) = h**3 - 47*h**2 + 153*h + 831. Calculate i(43).
14
Let m(p) = 516*p + 87720. What is m(-170)?
0
Let j(q) = -24*q - 496. Determine j(-21).
8
Let k(x) = x**2 - 3*x - 152. Calculate k(16).
56
Let c(w) = w**3 + 66*w**2 - 360*w - 366. What is c(-71)?
-11
Let h(p) = -p**2 + 63*p + 46. Calculate h(64).
-18
Let l(v) = -v**3 + 11*v**2 + 96*v - 913. Give l(13).
-3
Let b(f) = -32*f - 424. What is b(-22)?
280
Let c(n) = -747*n + 8216. What is c(11)?
-1
Let j(i) = -i**2 + 35*i + 744. Calculate j(49).
58
Let s(f) = -8*f**2 - 31*f - 5. Give s(-3).
16
Let f(m) = -m**3 - 47*m**2 + 375*m - 158. What is f(-54)?
4
Let v(i) = -5*i**2 - 14*i + 21. Calculate v(-6).
-75
Let t(r) = -r**3 + 20*r**2 + 79*r - 226. Calculate t(23).
4
Let g(h) = 19*h**2 - 436*h - 31. What is g(23)?
-8
Let c(l) = -l**3 + 31*l**2 + 5*l - 83. What is c(31)?
72
Let d(j) = -12*j**2 + 359*j + 34. Determine d(30).
4
Let o(w) = 3*w**3 + 5*w**2 - 2*w + 5. Determine o(-3).
-25
Let g(b) = -b**3 + 28*b**2 + 38*b + 658. Determine g(30).
-2
Let p(v) = -2*v**2 - 119*v + 96. Calculate p(-61).
-87
Let a(j) = -2*j**2 + 61*j - 250. Calculate a(25).
25
Let h(q) = 4*q**2 - 130*q + 623. What is h(5)?
73
Let x(j) = 361*j**3 + j**2 + 9*j - 9. Determine x(1).
362
Let p(q) = q**2 + 17*q + 75. Determine p(-22).
185
Let y(g) = -33*g + 708. What is y(21)?
15
Let t(y) = 2227*y - 13346. Calculate t(6).
16
Let f(s) = -s**2 - 102*s - 2584. Determine f(-50).
16
Let w(j) = 8*j**2 + 432*j + 827. Calculate w(-52).
-5
Let s(k) = -79*k + 232. Give s(3).
-5
Let b(q) = -q**3 - 180*q**2 - 6731*q + 14. What is b(-127)?
14
Let v(a) = -1426*a + 2841. Calculate v(2).
-11
Let r(n) = n**2 - 6*n - 66. Determine r(-6).
6
Let k(x) = -2*x**2 + 96*x + 906. Calculate k(-8).
10
Let q(m) = -6*m - 262. Determine q(-46).
14
Let s(i) = -i**2 - 473*i - 472. Calculate s(-1).
0
Let i(g) = g**2 - 45*g - 54. What is i(31)?
-488
Let a(u) = -u**2 - 30*u + 1058. Give a(-51).
-13
Let g(h) = -3*h**3 + 10*h**2 - 8*h - 2. Calculate g(6).
-338
Let n(g) = 570*g + 66136. What is n(-116)?
16
Let y(p) = -375*p**3 + 21*p**2 - 21*p - 1. Calculate y(1).
-376
Let o(i) = -13*i**3 - 5*i**2 - i - 4. Give o(-3).
305
Let n(j) = 23*j**2 + 200*j - 203. Calculate n(1).
20
Let m(n) = -3*n**2 - 402*n - 794. Determine m(-2).
-2
Let t(u) = 2*u**3 + 10*u**2 + 46*u + 345. Determine t(-6).
-3
Let j(c) = 4574*c - 27436. Determine j(6).
8
Let q(l) = -9*l**2 - 117*l + 17. Determine q(-13).
17
Let y(h) = h**3 + 29*h**2 - 199*h - 13. Calculate y(6).
53
Let h(q) = 39*q + 437. Give h(-16).
-187
Let y(w) = -617*w + 16045. Determine y(26).
3
Let d(j) = j**3 + 30*j**2 - 28*j + 74. Calculate d(-31).
-19
Let s(u) = -9*u**3 - 14*u**2 + 17*u - 4. Give s(1).
-10
Let b(c) = -c**3 - 20*c**2 + 32*c + 262. Calculate b(-21).
31
Let v(a) = -2*a**2 - 235*a - 1447. Give v(-6).
-109
Let y(r) = -3*r**3 + 141*r**2 + 125*r + 898. What is y(48)?
-14
Let c(u) = -u**3 + 3*u**2 + 395*u + 495. What is c(22)?
-11
Let d(i) = -i**2 - 18*i - 255. Determine d(-10).
-175
Let p(t) = -t**2 - 10*t + 754. What is p(-33)?
-5
Let m(f) = f**3 - 34*f**2 - 5*f - 19. What is m(34)?
-189
Let w(g) = -2*g**2 - 15*g + 405. What is w(11)?
-2
Let a(i) = 2175*i - 4348. Give a(2).
2
Let t(p) = -2*p**2 + 13*p - 12. Give t(5).
3
Let t(o) = -4*o + 406. Calculate t(103).
-6
Let y(z) = 3*z**2 - 1780*z + 10572. Give y(6).
0
Let p(m) = 5*m**2 - 77*m + 74. What is p(1)?
2
Let q(p) = -161*p + 489. Determine q(4).
-155
Let z(l) = 18*l**2 + 118*l + 159. What is z(-2)?
-5
Let u(c) = 524*c - 1035. Calculate u(2).
13
Let d(w) = -28*w + 491. Calculate d(7).
295
Let m(t) = -t**3 + 9*t**2 + 50*t + 67. Determine m(-8).
755
Let g(y) = -2*y**2 + 11*y - 104. What is g(9)?
-167
Let y(b) = 21*b**2 - 924*b + 2. Determine y(44).
2
Let a(g) = -108*g**2 + 47*g. Determine a(-2).
-526
Let o(w) = w**2 + 90*w - 994. Calculate o(10).
6
Let h(v) = v**2 - 21*v + 40. Give h(16).
-40
Let p(q) = -165*q - 2876. Determine p(-18).
94
Let t(m) = -m**3 - m**2 - 7*m + 52. Calculate t(0).
52
Let h(z) = z**3 - 26*z**2 + 45*z - 195. Calculate h(24).
-267
Let f(n) = n**3 - 48*n**2 - 29*n + 1333. Determine f(48).
-59
Let u(t) = 19*t + 204. Determine u(-28).
-328
Let g(m) = -m**3 + 3*m**2 + m - 27. Calculate g(-2).
-9
Let g(k) = 5*k**2 - 1105*k - 3320. Calculate g(-3).
40
Let b(z) = -2*z**2 - 1561*z + 4704. Determine b(3).
3
Let j(p) = 91*p - 283. Give j(8).
445
Let a(h) = 30*h + 1291. Give a(-41).
61
Let t(w) = 21*w - 157. Calculate t(9).
32
Let l(f) = -f**2 - 617*f - 1240. Calculate l(-2).
-10
Let g(q) = 25*q**3 + 171*q**2 - 18*q - 6. Calculate g(-7).
-76
Let h(j) = -j**3 - j**2 + 104*j - 11. Determine h(-10).
-151
Let j(g) = g**2 + 54*g - 208. Determine j(-57).
-37
Let g(b) = 25*b**3 + 665*b**2 - 269*b + 21. Determine g(-27).
-6
Let a(h) = -33*h**2 + 58*h - 221. Calculate a(6).
-1061
Let d(w) = -5727*w - 80158. What is d(-14)?
20
Let k(d) = 7*d**2 - 65*d - 171. Calculate k(20).
1329
Let g(t) = -t**2 + 26*t + 191. Give g(31).
36
Let k(x) = -1678*x - 13431. What is k(-8)?
-7
Let t(g) = -6*g**2 + 72*g - 179. Give t(8).
13
Let q(x) = 2*x**2 + 11*x + 181. Give q(-9).
244
Let t(n) = -143*n - 1866. Give t(-13).
-7
Let v(h) = -31*h - 1017. What is v(-33)?
6
Let q(h) = -23*h + 716. Calculate q(33).
-43
Let a(j) = 85*j - 1062. What is a(9)?
-297
Let p(h) = 194*h + 1349. Give p(-7).
-9
Let f(w) = -91*w + 2806. Calculate f(30).
76
Let b(v) = -68*v - 370. Determine b(-6).
38
Let w(c) = -2*c**3 - 3*c**2 - 2*c - 21. Calculate w(5).
-356
Let s(w) = -w**3 + 177*w**2 - 522*w + 6. What is s(3)?
6
Let x(z) = 14*z**2 + 40*z - 15. Give x(-3).
-9
Let b(p) = p**3 + 76*p**2 + 104*p + 2151. Calculate b(-75).
-24
Let i(b) = -b**2 - 61*b + 4026. Determine i(40).
-14
Let m(s) = -3*s**2 - 26*s + 118. What is m(-16)?
-234
Let b(a) = -33*a**2 + 274*a - 92. Determine b(8).
-12
Let t(n) = 7*n**2 - 126*n + 449. Give t(5).
-6
Let j(p) = 6*p**2 + 54*p + 67. Calculate j(-10).
127
Let y(o) = -4*o - 609. What is y(-150)?
-9
Let c(g) = -g**3 + 17*g**2 - 91*g + 32. Calculate c(5).
-123
Let p(c) = c**3 + 39*c**2 + 35*c - 99. Give p(-38).
15
Let z(l) = -5*l**2 - 83*l + 7. Calculate z(4).
-405
Let i(d) = -3*d**2 + 181*d - 64. Calculate i(60).
-4
Let m(p) = 28*p**2 + 173*p + 3. Determine m(-6).
-27
Let i(c) = -6*c**2 + 341*c + 2047. Calculate i(-6).
-215
Let d(o) = -o**3 + 2*o**2 + 324*o + 23. Determine d(-17).
6
Let r(z) = -8*z**3 - 2*z**2 + 3*z + 2. Give r(-1).
5
Let d(j) = -j**3 + 20*j**2 + 14*j + 98. Calculate d(21).
-49
Let c(u) = -u**2 + 45*u - 64. What is c(43)?
22
Let n(k) = k**3 + 2*k**2 + 8*k + 21. Give n(-6).
-171
Let n(o) = -51*o**2 - 9*o + 4. Determine n(-1).
-38
Let c(s) = 501*s - 4935. What is c(10)?
75
Let u(j) = -j**3 + 12*j**2 + 7*j + 122. Calculate u(13).
44
Let f(g) = g**3 + 57*g**2 - 5*g - 309. Calculate f(-57).
-24
Let y(c) = 2*c**3 + c**2 - c + 65. Determine y(0).
65
Let b(g) = 377*g + 5999. Give b(-16).
-33
Let j(w) = 131*w - 8804. Give j(67).
-27
Let i(a) = 2*a**3 - 13*a**2 + 11*a + 24. Determine i(5).
4
Let f(i) = -5*i**2 + 9*i - 31. What is f(5)?
-111
Let x(y) = -113*y + 899. Determine x(8).
-5
Let h(f) = 69*f + 99. Determine h(-2).
-39
Let c(m) = 5*m**3 - 57*m**2 + 91*m + 24. Calculate c(2).
18
Let i(t) = t - 30. Determine i(58).
28
Let f(h) = h**2 - 27*h - 129. Give f(32).
31
Let n(s) = -72*s - 6520. Determine n(-91).
32
Let l(u) = u*